). Let m = 330 + n. Suppose 6*y - 1934 = m. Is y a prime number?
False
Suppose -8*s + 5*s = 105. Let z be (30/s)/((-3)/14). Suppose -5*y = -5*d - y + 1111, -4 = -z*y. Is d prime?
True
Let c(v) = -v**3 + 22*v**2 - 3*v + 24. Let y(x) = x**3 - 7*x**2 + 8*x + 5. Let b be y(6). Let i be c(b). Suppose h - i = -h. Is h prime?
True
Let k(b) = 58*b - 3. Let s(c) = -4*c - 2. Let f(l) = -k(l) - 2*s(l). Let u = -7 + 2. Is f(u) a prime number?
True
Let q(t) be the first derivative of 28*t**3/3 + t**2/2 + 6*t + 13. Let s be q(-8). Suppose 0 = -19*a + 24*a - s. Is a composite?
True
Suppose 57*y - 5778931 = -1047076. Is y prime?
False
Is ((-1364890)/(-30) - -11)*9/6 a prime number?
True
Is 0/19 - 11 - -73818 prime?
False
Let x = -689 + 975. Suppose x*y - 288*y + 9206 = 0. Is y composite?
False
Suppose 10 = 2*p, p - 12 = -z - p. Let v(w) = 5 - 72*w**3 + w - 80*w**2 - 1 + 80*w**z. Is v(-3) a composite number?
True
Let q = 192 + -71. Let c = q + -121. Suppose c = 5*h - 7*h - 4*u + 86, -15 = -5*u. Is h composite?
False
Suppose 48*l = 51*l - 78. Let k be l/(-6*(-4)/1356). Let x = k - 598. Is x a composite number?
True
Let g(p) = -3*p**3 + 3*p**2 + 2*p - 1. Let v be g(-1). Suppose 24178 = 3*z + o, 3*z + v*o = 6*o + 24174. Is z prime?
True
Suppose -6*t - 2*m = -t + 678, 3*m - 524 = 4*t. Let f be ((-1)/(-2))/((-5)/(-100)). Is (-105)/f*t/3 prime?
False
Let s(a) = -4*a**3 - 14*a**2 - 5*a - 34. Suppose -3*y = 3*g + 57, -9*y + g - 41 = -6*y. Is s(y) a composite number?
False
Let q = 57987 + -34258. Is q a composite number?
True
Let k = -9394 - 254. Let v = 17739 + k. Suppose 0 = 3*j - v + 1128. Is j prime?
False
Let t(y) = -941*y - 993. Is t(-142) composite?
True
Suppose 6*s - 5*s - 2636881 = -4*n, 2*s + 2636890 = 4*n. Is n a composite number?
False
Suppose 0 = 739*q - 727*q - 103044. Is q composite?
True
Suppose 36*m + 202784 = 20*m. Let j = m + 18655. Is j composite?
False
Let x(f) = 9*f - 1. Let c be x(0). Is -2*c/2*8501 prime?
True
Suppose 10 = 2*r + 3*y, -2*r - 25 = -7*r - 2*y. Suppose 0 = 5*d, -3*z = -r*z + 3*d - 122. Is (z/4)/((-2)/24) prime?
False
Suppose -4*o - 9 + 25 = -2*f, o - 4 = -3*f. Suppose l = 1184 - 173. Suppose f = 3*z - 3*h - 375 - l, -5*z = h - 2340. Is z a prime number?
True
Let u(a) = 1099*a**2 + 6*a + 364. Is u(15) prime?
True
Suppose 86*j + 700 = 90*j. Suppose 171*a = j*a - 6068. Is a composite?
True
Let v = 8263 + -5534. Is v composite?
False
Suppose -h - h - 5*u = 71, 0 = 5*h - 4*u + 128. Let o = 28 + h. Suppose o = 2*i - 3*i + 541. Is i composite?
False
Let z(t) = -2*t**2 - 28*t + 2. Let u be z(-14). Suppose 3*v + u*v + 27 = 4*d, -5*d + 6 = 3*v. Suppose 2*i - d*l = 5423 + 11207, -4*i + 33260 = -5*l. Is i prime?
False
Suppose -4*w = -16, -4*w + 3683 = s - 1054. Is s prime?
True
Let h = -334 - -333. Let y(t) = 65*t**2 - 4*t - 4. Is y(h) composite?
True
Is (8421852/(-45) + 4/(-10))*1170/(-260) prime?
False
Let i(t) = 2*t**2 - 17*t + 17. Let g be i(9). Suppose -37*y + g*y = -63041. Is y prime?
False
Is 158543 - ((-182)/7 + 18) a prime number?
True
Suppose -656 - 157 = u. Let m = 1582 + u. Is m a composite number?
False
Let b = 613 + -63. Suppose 0 = 2*j + o - 220, -2*j - b = -7*j + 2*o. Suppose 4*c = -4, 2*c - j = 4*v - 2068. Is v a composite number?
True
Let p(z) = 116*z - 69. Let s(r) = 39*r - 23. Let i = -12 + 16. Let n(j) = i*p(j) - 11*s(j). Is n(8) prime?
True
Let h = 54530 - -13793. Is h a composite number?
True
Is 3035*((-6)/20)/(4*(-12)/3616) prime?
False
Let n(k) = k**3 + 13*k**2 + 8*k + 7. Suppose -4*p + 100 = p. Let l = -26 + p. Is n(l) composite?
False
Suppose -482*m = -127*m - 7930786 - 23369209. Is m a prime number?
True
Let i = 11747 - 8535. Let j = 2 + -2. Suppose -4*q + i - 240 = j. Is q a composite number?
False
Let z be (108/(-21))/((-118)/(-6195)). Let i(v) = -130*v**2 - v + 1. Let b be i(2). Let j = z - b. Is j prime?
True
Suppose -40*n - 205803 = -53*n. Let s = n + -4732. Is s a composite number?
True
Let a = -17358 - -45481. Is a a composite number?
False
Suppose -17 = -5*k - 4*p + 3, -2*k + 8 = p. Suppose -2*w - 16275 = -5*o + 15428, -k*o - 3*w = -25367. Is o a prime number?
False
Is ((-12)/240*-10)/((-3)/(-438882)) a prime number?
False
Let j(p) = 3*p**3 - p**2 + 2*p - 1. Let m be j(1). Suppose -3729 = -m*v + 4143. Is v/24 - 2/6 a composite number?
False
Suppose -10 = 4*k + 2*g, 2*g + 3*g = 5*k - 25. Suppose k = 5*a - 1177 - 123. Let p = 493 - a. Is p a composite number?
False
Let s = -1571 + 826. Suppose -4877 = -16*q - 3226 - 34003. Let m = s - q. Is m a prime number?
True
Let o(r) = 6973*r**2 - 33*r - 125. Is o(-9) composite?
True
Suppose 2*l - 4*a + 53788 = 0, 4*l + 5*a - 4*a + 107549 = 0. Let r = -5187 - l. Is r a prime number?
True
Suppose -357393 = -24*u + 563031. Is u a prime number?
True
Suppose -3*v - 75 = -4*o, o - 2*v = -v + 20. Let x be o/(-13) - -1 - (-848)/104. Suppose -x*j + 1091 - 171 = 0. Is j prime?
False
Let l be (-4 - 1 - -9) + -32900. Let k = -18263 - l. Is k composite?
False
Let i(t) = t**3 - 3*t**2 - t - 5. Let v be i(4). Let o be -4 + v + -1 + -1. Is 2*(30 + (-3)/3) + o composite?
False
Is (11/(-22))/((42/(-4964532))/7) a composite number?
False
Is (13647 - -2)*(-32)/(-44 + 12) prime?
True
Let x = -3 - -8. Let d(z) = z**3 - 4*z**2 - 2*z - 12. Let u be d(x). Is u/((2412/269)/(-3) + 3) a composite number?
False
Suppose 0 = -5*m - 2*g + 52818, 3*g = 3*m - 22156 - 9539. Suppose c - v = m, -5*c + v - 3*v = -52785. Is c a prime number?
True
Let q be (-2)/7 + -159*880/84. Let t = 4533 + q. Is t composite?
True
Suppose 0 = -10*o + 9 + 11. Suppose 0 = -3*v - o*m + 43, -2*v + 4*v = -m + 27. Suppose 0 = v*c - 6*c - 2705. Is c prime?
True
Let b = 426419 - 295462. Is b a composite number?
False
Suppose -4*t - 85 = 35. Let k = t - -77. Is k a prime number?
True
Let b be (-12)/(-18)*(-68235)/10. Let f = b - -32660. Is f a composite number?
False
Suppose -58522 = -o - 5*c, 5*o - 3*c = 2*o + 175512. Is o a composite number?
True
Let q(w) = 2*w**3 + 2*w**2 + 9. Let o(d) = 2*d**3 + 3*d**2 + 8. Let j(h) = 4*o(h) - 3*q(h). Is j(9) composite?
False
Let b be (-131879)/(-66) - (-2)/(-12). Let s = b + 153. Is ((-2)/(-4))/(-1 + s/2148) a composite number?
True
Is 25647 + (1/(-3))/((-4)/24) prime?
False
Suppose -4*v - 57440 = -314684. Suppose 6*p = v - 12057. Is p a prime number?
False
Let c = 27942 + 85747. Is c a prime number?
False
Let y be 2 + 526 + (1 - -1). Suppose 4*n + 318 = 7*n - 2*c, -3*c = -5*n + y. Is n prime?
False
Let o(r) = -13*r**3 + 8*r**2 - 19*r + 22. Let x be o(-8). Let z = x + 19417. Is z composite?
False
Let f(k) = k + 8. Let o be f(6). Suppose o*h - 2003 = 13*h. Suppose r + 4*s - 675 = 0, -h = -4*r + r - s. Is r composite?
True
Suppose 19 = 2*h + 51. Is (-29266)/h - 3/24 a composite number?
True
Let g(d) be the first derivative of -29*d**4/24 + 10*d**3/3 + 2*d**2 + 16. Let x(c) be the second derivative of g(c). Is x(-7) a prime number?
True
Let i(t) = 162*t**3 - 20*t**2 - 17*t - 616. Is i(17) a prime number?
True
Let t = 25834 - 15893. Is t composite?
False
Let y be (3 - (5 - 4)) + -38. Let w = 36 + y. Suppose -7*z + 1043 = -w*z. Is z composite?
False
Is 1/3*6 - (-79248)/16 a composite number?
True
Let i(l) = -l**3 - 4*l**2 - 14*l + 7. Let k be i(-6). Let a(h) = -171 - h - 32*h + k. Is a(-15) prime?
True
Let w be -74*((-5)/(-20))/((-3)/(-54)). Let d = -71 - w. Is d a prime number?
False
Let g(k) = -k**3 + k**2 + 2*k + 5. Let h be g(0). Suppose 4*p - 2*q + h*q = 36, 0 = 2*p + 2*q - 20. Is p/(-9 + 7 - 1096/(-547)) prime?
False
Let y(j) = -8 + 39*j - 3*j - 13 - j**2 + 33. Is y(21) prime?
False
Suppose 3*o - 2*q - 57723 - 1826 = 0, 5 = -5*q. Suppose 4*z - o = -2445. Is z composite?
True
Is (-662)/1*(-3 - ((-234)/(-12) - -1)) composite?
True
Suppose 3*d + m = -97, -3*d - 5*m - 100 = -m. Let o = d + 35. Is (o - -2)*(-7186)/(-10) a composite number?
False
Suppose 0 = 23*s - 50*s. Suppose 4*x + 0*x - 32228 = s. Is x a prime number?
False
Let s(k) = -22907*k**3 - 4*k**2 - 21*k + 5. Is s(-3) composite?
False
Let n(j) be the third derivative of 359*j**7/5040 - j**6/120 + j**5/12 - 5*j**2. Let g(h) be the third derivative of n(h). Is g(11) a composite number?
False
Let s be 3 + 1 - 1 - 3*-11. Let i = -34 + s. Suppose -9 = -3*o, -3*b - o = i*o - 1752. Is b a prime number?
False
Let w = 274 - 266. Is w/28 + 1203